actor of a and 28.
14
Let f(x) = -x**3 - 2 + 5*x + 2*x + 7*x**2 - 3. Let h be f(7). Calculate the highest common divisor of h and 4.
4
Suppose -3*u = 0, -w + u + 4*u - 7 = 0. Let r(l) = l + 10. Let p be r(w). What is the highest common factor of 3 and p?
3
Let w(u) = u**3 - 2*u**2 - 5*u + 3. Let s be w(4). Calculate the highest common factor of 5 and s.
5
Suppose 1 + 2 = 3*d. Let i be (2 + 9)*(2 - d). Let t be (-3)/18 - (-3 - (-1533)/(-18)). What is the highest common factor of t and i?
11
Let p(m) be the first derivative of -m**3/3 + 7*m**2/2 - 6*m + 2. Let t be p(5). Suppose 3*h = 65 + 31. Calculate the highest common factor of t and h.
4
Let k be 3*(-2)/(4/2). Let f be k/1*(-4)/3. Let m = -10 - -14. Calculate the highest common divisor of f and m.
4
Suppose -4 = -b - b. Let l(k) = 2*k**2 + k + 2. Let o be l(b). Calculate the highest common divisor of o and 48.
12
Suppose 4*f + 4 - 48 = 0. Suppose 5 = -5*j - 4*a, j - a + 3 = f. Suppose 1 = -3*y - 5*v, 0 = 2*y + 4*v + v + 4. What is the highest common divisor of y and j?
3
Let m = -22 + 41. Let d = m - 9. Let z = 26 + -11. Calculate the greatest common divisor of z and d.
5
Suppose -93 = -4*v - 9. Suppose 3*q + v = 4*k, -k + 8 - 4 = -2*q. Suppose 3*l = -5*h + 93, 3*l - 4 = -1. What is the highest common factor of k and h?
6
Let v = 66 - 61. Calculate the greatest common divisor of v and 5.
5
Suppose 5*q = 4*q + 6. What is the highest common factor of 30 and q?
6
Let x = 107 + -101. Suppose -n - 10 = -3*n. Let w = n - -13. Calculate the highest common divisor of w and x.
6
Let p(m) = m**3 - 9*m**2 + 8*m + 11. Let a be p(8). Let k = a + 7. What is the highest common factor of k and 2?
2
Let l(r) = -5*r**2 - 29*r - 11. Let h be l(-5). Calculate the highest common factor of 12 and h.
3
Let j(m) = -46*m - 2. Suppose -4*v + 4*q + 1 = 9, 0 = -v + 5*q + 6. Let r be j(v). What is the highest common divisor of r and 26?
26
Suppose v = -v + 46. Suppose v + 97 = 3*g. Let n = 7 + -2. Calculate the greatest common divisor of g and n.
5
Suppose -8*c + 5*c + 12 = 0. Suppose 3*z + c*k - 39 = 0, -3*z + 39 = -k - 3*k. What is the highest common factor of 52 and z?
13
Suppose -x + 115 = 4*k, -4*x - 5*k + 460 = -0*k. What is the highest common factor of 23 and x?
23
Suppose -v + 36 = 3*v. Suppose -42 = -3*y + 3*r - v, -5 = y - 5*r. Calculate the greatest common factor of y and 5.
5
Let c be (-6)/(-6 + 3) - 22. Let f be (52/65)/((-1)/c). Calculate the highest common divisor of 176 and f.
16
Let n be 1*-3*7/(-21). Let w(h) = 397*h + 1. Let b be w(n). Suppose 50 + b = 4*u. What is the highest common factor of 14 and u?
14
Let p be 5 - 1/2*-6. Suppose -j - 4 = -p. What is the highest common factor of j and 12?
4
Let m(v) = 10*v. Let s be m(1). Suppose -s = -5*z, -2*z + 52 = -2*k + 4*k. Calculate the greatest common divisor of 24 and k.
24
Suppose 23*h = 24*h - 4. Calculate the greatest common factor of h and 8.
4
Suppose s - 6 = 18. Calculate the highest common divisor of 36 and s.
12
Let z = -4 + 10. Let x = -3 + z. Suppose m - 6*m + 16 = i, x*i + 2*m = 22. Calculate the highest common factor of 15 and i.
3
Let d = 14 - 1. Let c(p) = p**2 - 2*p - 9. Let y be c(7). What is the greatest common factor of d and y?
13
Suppose -37*r + 48 = -36*r. Suppose -k - 9 = 2*k, 4*d - 14 = 2*k. Let c = 8 - d. What is the greatest common factor of r and c?
6
Let f be (6 - 0 - 4) + 286. Calculate the greatest common factor of f and 32.
32
Suppose -4*i - 25 = i. Let g = 11 + i. Let w be 78/(-1)*(-4)/g. What is the greatest common factor of 13 and w?
13
Let c = -78 - -134. Suppose r + 0*r = 5*w + 28, -2*r + w + 20 = 0. Calculate the highest common factor of c and r.
8
Let r(d) = -58*d**2. Let s be r(1). Let t = -32 - s. What is the highest common factor of 39 and t?
13
Suppose 15 = 6*o - 33. What is the highest common factor of o and 40?
8
Let g = -11 + 35. Let o = 4 + -1. Suppose l - 2*n - 12 - 16 = 0, -o*n + 156 = 4*l. What is the highest common factor of l and g?
12
Let x(j) = 2*j**2 + 3*j - 2. Let u = 10 - 8. Let v be x(u). Suppose -3*y + 14 = -10. What is the highest common divisor of v and y?
4
Let n(m) = 2*m**2 - 4*m + 3. Let z be n(2). Suppose 30 = -0*q + 2*q + 5*t, 0 = -5*t. Calculate the highest common factor of q and z.
3
Let l = 6 - 7. Let m = l + 2. What is the highest common divisor of m and 1?
1
Suppose -h - a + 3 = -29, -4*a - 8 = 0. Calculate the highest common factor of h and 17.
17
Let v(s) = s**2 + 15*s + 6. Let u be v(-15). Suppose u*r - 7*r = -18. What is the greatest common factor of r and 198?
18
Let t be 6/8*36/1. Let x(d) = -3*d. Let y be x(4). Let v = -3 - y. What is the highest common divisor of t and v?
9
Let o be (-6)/(-63)*-9*-14. Suppose -4*z - 42 = -9*z + 2*r, o = 2*z + 4*r. What is the greatest common divisor of 16 and z?
8
Suppose 3*o - 16 = -o. Suppose z - 41 = o*k, 3*k - 48 = -0*z - 3*z. What is the greatest common factor of 3 and z?
3
Let o = 7 - 7. Suppose o*t - t + 9 = 0. What is the greatest common divisor of 63 and t?
9
Suppose -4*u = -2*w + 64, 5*w - 152 = u + 35. Calculate the highest common divisor of w and 114.
38
Suppose 0*n - 93 = -3*n + 2*q, -93 = -3*n - 4*q. Suppose -3*o - 86 = 5*d, d - 2*o + 4 = -7*o. Let y = n + d. Calculate the greatest common divisor of 24 and y.
12
Let o = 5 + 7. Let d be -18*(-2)/3*11. Calculate the greatest common factor of o and d.
12
Let v(y) = 2*y - 8. Let b be v(6). Let s = -13 + 22. Let a be 6/(-4)*(-264)/s. What is the highest common factor of a and b?
4
Let c = 0 + 5. What is the greatest common divisor of c and 45?
5
Let d be (2 - 1)*(-1)/(-1). Suppose 5*v - 16 = -d. Suppose 5*z + 54 = v*a, 5*a - z - 2*z - 90 = 0. What is the highest common divisor of a and 162?
18
Let n(j) = 51*j + 18. Let t(y) = -17*y - 6. Let w(a) = 3*n(a) + 8*t(a). Let m = 17 + -11. Let g be w(m). Calculate the greatest common factor of g and 12.
12
Suppose 3*t = -111 - 105. Let d = -36 - t. Calculate the greatest common divisor of d and 4.
4
Let y be (-14)/(-4) - (-1)/2. Suppose 6 = y*b - 2. Suppose 0*d - b*d + 14 = 0. Calculate the greatest common factor of 21 and d.
7
Let z be (-6)/(-9)*36*4. Suppose 4*m + 4 + 24 = 2*i, 4*i = 3*m + 81. What is the greatest common divisor of z and i?
24
Let d(j) = -j + 3. Let l be d(0). Suppose -l*o + o = -8. Suppose 0 = -3*i + 9, o*f - 3*i - 27 = 2*f. What is the highest common factor of 9 and f?
9
Let f = -20 - -23. Calculate the greatest common factor of f and 15.
3
Let j be 1*(10 + (-6 - 2)). Let i be (1 - 1) + 10/2. Calculate the greatest common divisor of i and j.
1
Suppose -3*g + g = 5*b - 17, 0 = 3*g - 3*b + 6. Let u(k) = 1 + 2*k + 0 - 2 - k**2 + 2. Let s be u(2). Calculate the greatest common divisor of s and g.
1
Suppose -b - 20 = 3*b. Let s = b + 33. What is the greatest common factor of s and 4?
4
Let h be (-4)/6 + (-40)/(-6). Let r be 83/3 + (-4)/h. Let q = -1 + 10. Calculate the greatest common divisor of r and q.
9
Suppose 0*w = 5*w + 4*v - 120, -2*w + v + 48 = 0. Let j be (-35 - -2)*(1 - 2). Let b = j + 27. What is the highest common factor of b and w?
12
Suppose -5*i - t + 66 = 0, -i + 4*i - 3*t = 54. Calculate the highest common divisor of i and 7.
7
Suppose -72 = 4*r - 7*r. Calculate the highest common factor of 16 and r.
8
Let k = -4 + 4. Let j(d) = d**2 + d + 10. Let w be j(k). Suppose s + s - 24 = 2*v, 0 = -3*v - 6. What is the highest common factor of s and w?
10
Let v(x) = x + 4. Let t be v(-4). Suppose -2 + 6 = 2*j. Suppose t*q = j*q - 18. Calculate the greatest common divisor of q and 72.
9
Suppose 2*f + 21 = 5*f + 3*y, -5*f + 5*y + 45 = 0. Let g(i) = i - 3. Let s be g(4). What is the greatest common divisor of f and s?
1
Suppose 3*s - 26 = -2*p, 2*p - 3*s - 26 = -0*p. Calculate the greatest common divisor of 143 and p.
13
Let v = -14 - -28. Let d be 1 + v + 1 + -4. What is the greatest common divisor of d and 12?
12
Suppose -3*p = 3*o + 6, -p + 3*o - 6 = -0*p. Let r(k) = 2*k - 3. Let a be r(p). Let m = 1 - a. Calculate the greatest common divisor of m and 1.
1
Let b be (-70)/(-15)*(1 - -32). What is the greatest common divisor of 14 and b?
14
Let k(b) be the third derivative of b**5/60 + 3*b**4/8 + 11*b**3/6 - b**2. Let n be k(-8). What is the highest common divisor of n and 15?
3
Let a(j) = j**2 + 7*j + 12. Let w be a